pose -4*s = 5*m - 387668, -157799 = -2*m - 4*s - 2739. What is the ten thousands digit of m?
7
Let s = 366 - 188. Let k = s - 282. Let q = k - -302. What is the units digit of q?
8
Suppose 49*u = 44*u - 445. Let k = -55 - u. Suppose -k = -6*h + 20. What is the units digit of h?
9
Suppose -36*s = -41*s + 45. Let f = s - -146. What is the tens digit of f?
5
Let j(h) = 611*h + 7653. What is the hundreds digit of j(47)?
3
Let l(v) = 3*v**2 + 2*v + 40. Let o = -179 + 169. What is the tens digit of l(o)?
2
Suppose -3*l - 5 = p, 0 = l + 26*p - 22*p - 2. What is the hundreds digit of (l + 48)*306/36?
3
Let z(v) = v + 40. Let l(d) = 20. Let w(k) = 5*l(k) - 2*z(k). Let s be w(5). What is the hundreds digit of 2/s - (-3492)/15?
2
Let v(t) = t**3 - 5*t**2 - 4*t - 12. Let n be v(6). Suppose 3*z - 2*q - 32 - 23 = n, -85 = -5*z + 5*q. What is the tens digit of z?
2
Suppose 11*u + 5*y + 28590 = 16*u, u - 5*y = 5738. What is the hundreds digit of u?
7
Suppose 4*u - 4 = 2*k, -42 = -5*k - 0*u - 3*u. Suppose 20 = 4*f, 14 + k = x + 4*f. Suppose -v + 45 = -x. What is the units digit of v?
5
Let h be (-57)/114 - 521/(-2). Suppose -h*n + 249*n + 8470 = 0. What is the hundreds digit of n?
7
Let l(q) = -349*q**3 - q**2 - 4*q - 3. Let v be l(-1). Let w = 1089 - v. What is the units digit of w?
0
Suppose -39*g + 199112 = 124416 - 541348. What is the ten thousands digit of g?
1
Let s(g) = 14*g**3 - 4*g**2 - 8*g + 9. Let d(k) = -13*k**3 + 5*k**2 + 8*k - 7. Let b(h) = 2*d(h) + 3*s(h). What is the hundreds digit of b(4)?
9
Let g = -1769 + 1204. Let y = -154 - g. What is the tens digit of y?
1
Let p be (-2)/8 + 613/4. Suppose 0 = 4*y - 5*z - 87, 13*y - 5*z - 110 = 8*y. Suppose y*v - 24*v + p = 0. What is the hundreds digit of v?
1
Let r = 14644 + 24298. What is the hundreds digit of r?
9
Suppose 12*g + 13675 = 37*g. Let h = -226 + g. What is the hundreds digit of h?
3
Suppose 0 = -k - 53 - 22. Let v = k + 74. What is the hundreds digit of v*-9*((-322)/(-3))/7?
1
Let x(v) = 2*v + 0 - v**2 + 7*v - 6. Let j be 55/10 - (-1)/2. What is the units digit of x(j)?
2
What is the ten thousands digit of 854*366/12 - (5 - (-2 + 1))?
2
Let g(l) = 9*l - 5. Let r be g(-3). Let b be (-2)/8 - 136/r. Suppose -z - 369 = -b*p, 2*p - 277 = -p + z. What is the units digit of p?
2
Let g(r) = 14*r**2 - 112*r + 18. Let x be g(15). Let d = x + -309. What is the hundreds digit of d?
1
Suppose -23*d - 13759 = -1199133. What is the ten thousands digit of d?
5
Let y(s) = -s**3 + 2*s + 1. Let j be y(-2). Suppose 0 = 89*t - 238 - 118. Suppose t*a + 100 = j*a. What is the tens digit of a?
0
Suppose -v + 2*z = 1034 - 3616, -v + 5*z = -2597. What is the thousands digit of v?
2
Suppose 0 = -15*s + 72 + 18. Let r be -2*s/42 + (-212)/(-7). Suppose r*b - 35*b = -490. What is the tens digit of b?
9
What is the thousands digit of (-6)/(-18)*(257223 - -24)?
5
Let r(l) = 2206*l - 902. What is the ten thousands digit of r(14)?
2
Let k = -81391 - -134741. What is the units digit of k?
0
Suppose -3*m - m - q - 307 = 0, 0 = 2*q + 6. What is the hundreds digit of (-2)/(-8) - 16853/m?
2
Suppose -20*u + 702770 - 167590 = 0. What is the tens digit of u?
5
Let x(j) = 63*j - 98. Let g be x(32). Let l = g - 969. What is the tens digit of l?
4
Let m(n) = -86*n + 76. What is the hundreds digit of m(-21)?
8
Let n = 63 + -51. Let l(z) = z - 14. Let v be l(n). Let q = 18 - v. What is the units digit of q?
0
Suppose -3*q - 5*h + 24986 = 0, 6*h + 39 = 9. What is the units digit of q?
7
Let z = -3032 - -5056. What is the tens digit of z?
2
Suppose -1467*f + 1454*f = -1118. What is the units digit of f?
6
Let w(g) = 22*g**3 + g - 2. Let x(a) = -3*a**2 + 4*a - 1. Let c be x(4). Let v = 35 + c. What is the tens digit of w(v)?
7
Suppose -57 - 51 = 3*z + 3*v, 4*z - 5*v + 144 = 0. What is the tens digit of (30/z*3)/(2/(-68))?
8
Let p = 25871 + -14593. What is the tens digit of p?
7
Let x(r) be the first derivative of r**4/2 - 16*r**3/3 + 15*r**2/2 - 2*r + 23. Let i be x(7). What is the tens digit of 484/i - 18/(-90)?
9
Suppose -g + 5*n + 32 = 0, -2*g = 4*n - 76 - 2. Suppose g*r - 8368 = 21*r. What is the hundreds digit of r?
5
Suppose 104*x - 148757 - 1008291 = 351992. What is the units digit of x?
0
Let l = 53018 - 32738. What is the hundreds digit of l?
2
Suppose 3*g = 8022 + 810. What is the thousands digit of g?
2
Suppose 9*m = 2 - 2. Suppose -4178 = -4*f + 44*h - 41*h, -4*f + h + 4182 = m. What is the hundreds digit of f?
0
Suppose -14*u + 13*u = -23. Suppose -f - w - 17 = -4*f, 0 = 3*f - 4*w - u. Suppose -y - 2*g - g = -1, 0 = f*y - 2*g - 39. What is the units digit of y?
7
Let k = 9908 - 1158. Suppose 155*i - 148*i = k. What is the hundreds digit of i?
2
Let c = 4807 + -4805. Suppose y = 3*y - 182. Suppose -c*z + 165 = 3*z + 5*a, 3*z - y = -a. What is the tens digit of z?
2
Suppose 4*g + 13734 = -3*n + 6*n, 0 = -2*n + 3*g + 9155. What is the units digit of n?
2
Let p = -28 + 31. Suppose -p*u - 904 = -2*i, 5*i - u + 4*u - 2239 = 0. What is the tens digit of i?
4
Let l(o) = -5*o**3 - 19*o**2 - 10*o - 92. What is the thousands digit of l(-11)?
4
Suppose -7584 = 55*c - 58*c. What is the hundreds digit of c?
5
Let f = -3304 + 4050. What is the hundreds digit of f?
7
Let f(g) = 951*g**2 - 71*g - 11. What is the hundreds digit of f(-4)?
4
What is the tens digit of 9/36 - ((-1105137)/(-36))/(-11)?
9
Let w be 1/(-4) + ((-111)/(-12) - 5). Suppose 0 = -w*m - 250 + 1318. What is the hundreds digit of m?
2
Suppose -19 = -13*u + 33. Let o(c) = 10*c**3 - 16*c**2 - 6*c + 4. What is the hundreds digit of o(u)?
3
Suppose -22*d + 464 = 7*d. Suppose d*b + 4 = 14*b, 2*t - 1186 = -2*b. What is the hundreds digit of t?
5
Suppose 3*g - 4*p - 63922 = 0, -6*g + 3*p = -3*g - 63927. What is the thousands digit of g?
1
Suppose 59647 - 1211 = 28*r. What is the tens digit of r?
8
Let h = 5 + 1. Suppose 0 = h*x - 92 + 38. Suppose -2*r = x*r - 649. What is the tens digit of r?
5
Let u be ((-12)/(-4) + 3)*(-18)/4. Let t = -43 - u. Let v = t + 74. What is the tens digit of v?
5
Suppose 329*x - 501579 = 184*x + 623041. What is the units digit of x?
6
Let a(f) = 7*f**3 - f**2 - 2*f - 1. Let r be a(-1). Let g(c) = 76*c**2 + 2*c - 4. Let p be g(r). What is the hundreds digit of p/51*(-1)/((-4)/6)?
1
Let o be 2/10 + 10/(-50). Suppose -z + k + 83 = -2*k, o = -z - 4*k + 97. Suppose -3*c + 58 = -z. What is the tens digit of c?
4
Let m = -4724 + 14860. What is the thousands digit of m?
0
What is the units digit of (-2)/(-38) - 27948120/(-2280)?
8
Let p(h) be the first derivative of h**4/4 + 8*h**3/3 + 2*h**2 + 2*h - 1. Let c = -3457 - -3451. What is the units digit of p(c)?
0
Let y be (5112/40 - -5)*(-5)/(-2). Suppose 2*a + 2*c + 0*c = y, 0 = -2*a - c + 327. What is the tens digit of a?
6
Suppose -4*p + 60 = 11*p. Suppose p*q + 0*w - 7033 = 3*w, 3*w = -4*q + 7063. What is the tens digit of q?
6
Suppose -10191714 = -355*b - 174*b. What is the tens digit of b?
6
Let d be (-6)/(-9) + (-80748)/(-54). Let g = -542 + d. What is the tens digit of g?
5
Suppose -43*b + 2*g + 13 = -46*b, -5*b = -2*g + 27. What is the tens digit of (45/(-18)*-2)/((-1)/b)?
2
Suppose -17281 = -2*x + 27191. What is the hundreds digit of x?
2
Let z(u) be the third derivative of -u**7/5040 + u**6/10 - u**5/10 - 8*u**2. Let p(s) be the third derivative of z(s). What is the tens digit of p(-10)?
8
Let p = 4771 + -1600. What is the thousands digit of p?
3
Suppose 6*c - 19620 = -3*x, 4*c - 1830 + 21510 = 3*x. What is the hundreds digit of x?
5
What is the tens digit of 128/28 + -5 + (-35864)/224*-172?
3
Suppose 12677 = 5*r - 2*b - 63818, r - 15299 = -3*b. What is the ten thousands digit of r?
1
Suppose 111*u - 5835 = 106*u. Suppose -4*h + u + 139 = -2*t, -2*h = 2*t - 662. What is the hundreds digit of h?
3
Suppose -5706476 - 239959 + 366278 = -121*y. What is the tens digit of y?
1
Let n = -188 + 615. Suppose 4*y = -5*w - 295 + 2478, 4*y - n = -w. What is the units digit of w?
9
Suppose 0 = 91*r - 87*r - 740. Let u = r + 130. What is the hundreds digit of u?
3
Let h(n) = -n**3 - 5*n**2 - 3*n + 9. Let q be h(-5). Let k be (q/16)/((-2)/4) - -4. What is the units digit of (-2 + k)/(4/10)*-14?
5
Let h = -2 + 5. Let p be (3/6 + -2)*37064/(-123). Suppose 2*n = -h*n + 20, p = 4*w - n. What is the hundreds digit of w?
1